2192 a factor of 101849088?
True
Does 4460 divide 42347700?
True
Is 30 a factor of 4181697?
False
Is 38176051 a multiple of 14?
False
Is 125 a factor of 456402500?
True
Is 24 a factor of 38158608?
True
Does 18 divide 4142573910?
True
Is 22879551 a multiple of 177?
True
Does 2 divide 51460050?
True
Does 13 divide 366692788?
False
Does 328 divide 124184436?
False
Is 1460 a factor of 19697472?
False
Is 21 a factor of 1968687?
True
Does 94 divide 361255630?
True
Is 753646875 a multiple of 285?
True
Is 28789329 a multiple of 973?
False
Is 587 a factor of 25140220?
False
Is 31367154 a multiple of 95?
False
Is 33 a factor of 29875041?
False
Does 44 divide 128549036?
True
Does 4 divide 3237348?
True
Is 43049790 a multiple of 2898?
True
Is 408968397 a multiple of 64?
False
Does 4 divide 5163988?
True
Does 10 divide 448070?
True
Is 12928 a factor of 3032779520?
True
Does 993 divide 999154614?
True
Does 30 divide 6715221239?
False
Is 951 a factor of 56364664?
False
Is 487 a factor of 438563467?
True
Does 12 divide 161821980?
True
Is 18 a factor of 1431366?
False
Does 20 divide 763769720?
True
Is 39643340 a multiple of 185?
False
Is 9799 a factor of 2321843653?
True
Is 389 a factor of 88360468?
False
Does 40 divide 1724739400?
True
Is 112947990 a multiple of 123?
False
Is 11165290 a multiple of 414?
False
Is 52856065 a multiple of 16?
False
Is 293431393 a multiple of 6?
False
Does 17 divide 4255950?
True
Is 2057 a factor of 146635302?
True
Is 122041735 a multiple of 9?
False
Is 3163097158 a multiple of 1375?
False
Is 976425340 a multiple of 398?
True
Is 48 a factor of 408254157?
False
Does 26 divide 14062406?
False
Does 2524 divide 52449715?
False
Is 65025877 a multiple of 1245?
False
Does 4 divide 11844963?
False
Does 2914 divide 15986204?
True
Does 4 divide 206874640?
True
Is 204 a factor of 700876680?
True
Does 34 divide 212624984?
True
Is 737 a factor of 21342046?
True
Is 43 a factor of 16900465?
False
Is 9 a factor of 42589377?
True
Is 7261635 a multiple of 5?
True
Does 373 divide 5755057?
False
Is 262655297 a multiple of 33?
False
Is 27971996 a multiple of 166?
True
Is 426 a factor of 153534085?
False
Is 324 a factor of 144770004?
True
Is 1101310625 a multiple of 111?
False
Is 1526 a factor of 28522466?
True
Is 687113088 a multiple of 16?
True
Is 964428184 a multiple of 752?
False
Does 551 divide 2808191462?
False
Is 6 a factor of 576423258?
True
Is 40 a factor of 564050165?
False
Is 2774349649 a multiple of 5953?
False
Is 12379799 a multiple of 7?
False
Is 113522909 a multiple of 21?
False
Is 51 a factor of 13004656?
False
Is 88 a factor of 388775200?
True
Is 5417 a factor of 312270275?
False
Is 457579460 a multiple of 201?
False
Is 158816833 a multiple of 103?
True
Is 740992770 a multiple of 10?
True
Is 1852731642 a multiple of 6322?
True
Does 673 divide 427325388?
True
Does 20 divide 169872691?
False
Is 15912925 a multiple of 113?
False
Is 41 a factor of 161108592?
False
Does 165 divide 605721766?
False
Does 1026 divide 132442236?
True
Is 8373988 a multiple of 959?
True
Does 19 divide 69164693?
True
Does 27 divide 2694364927?
False
Is 1496768 a multiple of 26?
True
Is 6482 a factor of 3994338040?
True
Does 6 divide 1765576135?
False
Does 118 divide 40903206?
False
Does 309 divide 2083359?
False
Does 810 divide 86111910?
True
Does 22 divide 5828698986?
True
Is 739394376 a multiple of 22?
False
Is 569 a factor of 1125478586?
True
Does 287 divide 248278455?
False
Is 147390909 a multiple of 10?
False
Is 1407 a factor of 10450282?
False
Does 4122 divide 197752950?
True
Is 2453 a factor of 1670472?
False
Does 15 divide 27721560?
True
Is 597 a factor of 45736728?
False
Is 13649238 a multiple of 549?
True
Does 185 divide 1116329191?
False
Is 11 a factor of 284641027?
True
Does 8 divide 97252879?
False
Is 261746100 a multiple of 3465?
True
Is 167706240 a multiple of 1248?
True
Is 86 a factor of 7241723?
False
Does 1876 divide 146984600?
True
Does 10 divide 5082580?
True
Is 7 a factor of 15010176?
False
Is 12492 a factor of 2691876096?
True
Is 8951979 a multiple of 86?
False
Is 99568443 a multiple of 523?
False
Is 277080 a multiple of 8?
True
Does 2382 divide 2300092548?
True
Is 5436996 a multiple of 657?
False
Is 251 a factor of 360133750?
False
Is 1537 a factor of 229299537?
False
Is 74668508 a multiple of 2575?
False
Does 389 divide 288991804?
False
Is 37 a factor of 2109958695?
False
Does 581 divide 194243066?
False
Is 375 a factor of 2239428681?
False
Does 420 divide 60514020?
True
Is 15698102 a multiple of 233?
False
Does 2430 divide 102985830?
True
Does 462 divide 637513800?
True
Is 16186032 a multiple of 16?
True
Is 34697372 a multiple of 16?
False
Is 659686069 a multiple of 942?
False
Is 614 a factor of 1057650612?
True
Does 249 divide 1137411462?
False
Is 658 a factor of 51179550?
False
Is 290 a factor of 990350?
True
Does 16 divide 387418640?
True
Is 92075490 a multiple of 130?
True
Does 8 divide 113848721?
False
Is 1554 a factor of 6943418?
False
Is 966 a factor of 2625651598?
False
Is 125 a factor of 29167640?
False
Does 244 divide 16457118?
False
Does 742 divide 146425169?
False
Is 433 a factor of 4095343316?
False
Does 278 divide 541988800?
True
Does 1759 divide 13493289?
True
Does 11 divide 107913394?
False
Is 44757234 a multiple of 83?
False
Does 5 divide 114340345?
True
Is 394746308 a multiple of 70?
False
Does 22 divide 424359785?
False
Is 6870880 a multiple of 20?
True
Is 146 a factor of 71364004?
False
Is 418 a factor of 15894023?
False
Does 684 divide 532460484?
True
Does 31 divide 89248848?
False
Does 2353 divide 531753974?
False
Is 1324 a factor of 691616556?
True
Is 333 a factor of 5268524?
False
Does 486 divide 223967872?
False
Does 147 divide 229819065?
True
Is 481182937 a multiple of 59?
True
Does 2095 divide 286329935?
True
Does 600 divide 412872245?
False
Is 9 a factor of 846422427?
False
Is 13889608 a multiple of 165?
False
Does 141 divide 148572812?
False
Does 38 divide 65847958?
True
Does 27 divide 2665269?
False
Is 211 a factor of 20772739?
True
Is 49 a factor of 336191692?
False
Is 7 a factor of 202875930?
False
Does 183 divide 3538813391?
False
Is 24 a factor of 175344539?
False
Is 45906894 a multiple of 1854?
True
Is 74943582 a multiple of 129?
True
Is 37030452 a multiple of 2082?
True
Is 13 a factor of 1355931262?
False
Is 30 a factor of 26469480?
True
Does 637 divide 901501692?
False
Is 5448272 a multiple of 688?
True
Is 279 a factor of 10092256?
False
Is 177913221 a multiple of 1474?
False
Does 317 divide 425225942?
False
Does 17 divide 14956821?
True
Is 1176177943 a multiple of 7062?
False
Does 22 divide 87471318?
True
Does 811 divide 889316648?
True
Is 2897 a factor of 633149509?
False
Is 961605648 a multiple of 52?
False
Is 185600800 a multiple of 131?
True
Is 213 a factor of 39468132?
False
Is 33 a factor of 2637099308?
False
Is 28399976 a multiple of 47?
False
Does 9 divide 3698449?
False
Is 29 a factor of 397054391?
False
Does 4 divide 21384729?
False
Is 19 a factor of 50181933?
False
Does 679 divide 26751929?
False
Is 598 a factor of 12009634?
True
Does 169 divide 10608577?
False
Does 237 divide 5036725?
False
Does 2365 divide 1845338550?
True
Is 60483392 a multiple of 64?
True
Does 836 divide 28299436?
True
Is 15118389 a multiple of 317?
False
Is 652 a factor of 3647828?
False
Is 88 a factor of 264146256?
True
Does 826 divide 232115086?
True
Is 122687845 a multiple of 95?
True
Is 429 a factor of 6616266?
False
Is 22873729 a multiple of 91?
False
Does 87 divide 328647900?
False
Is 11431350 a multiple of 6?
True
Is 25016128 a multiple of 598?
False
Is 1886 a factor of 29911960?
True
Does 3 divide 16573148?
False
Does 530 divide 45572050?
True
Is 14968308 a multiple of 6?
True
Is 64487854 a multiple of 94?
True
Is 681099952 a multiple of 26?
True
Does 3233 divide 2004020312?
True
Is 1491939252 a multiple of 36?
True
Does 122 divide 34109642?
False
Is 74 a factor of 11083054?
True
Does 12 divide 20872215?
False
Is 1139 a factor of 371619252?
True
Is 92 a factor of 624952737?
False
Is 5198436077 a multiple of 3665?
False
Is 119312324 a multiple of 17?
True
Does 2435 divide 1522674603?
False
Is 76189032 a multiple of 72?
True
Is 746478880 a multiple of 35?
True
Does 130 divide 117018850?
True
Does 50 divide 73